is the units digit of i?
1
Let m = -2748 + 4888. What is the hundreds digit of m?
1
Let n(l) = -514*l + 81. What is the hundreds digit of n(-3)?
6
Let u = 9 - 5. Suppose -4*f + 0*c = -u*c + 112, 118 = -4*f + 2*c. What is the units digit of -1*2 - (f + 4)?
5
Suppose 7*t - 15*t = -24. What is the tens digit of 2/(-3 - (652/(-108) + t))?
5
Let i(m) = -m**2 + 7*m - 6. Let d be i(6). Let h be d - ((-4)/(-2) + -75). Suppose 2*w + 15 = h. What is the units digit of w?
9
Let u = 14 - 14. Suppose -4*o + 108 = x, u = o - 4*o + 2*x + 92. Suppose -3*r + 42 = -t + 2*t, -2*r + o = 2*t. What is the tens digit of r?
1
Let d(q) = q**2 - 5. Let g(z) = -z**2 - 11*z - 13. Let r be g(-10). What is the units digit of d(r)?
4
Let f be (8 - 8)/(1 + 0). Suppose -6*b - 139 + 691 = f. What is the units digit of b?
2
Suppose 2*z - 1170 = -250. Let o = z - 297. What is the tens digit of o?
6
Let m be (-436)/(-6) - 7/(-21). Suppose -5*p = -3*w - 226, 3*p - m = w - p. Let c = -25 - w. What is the units digit of c?
2
Let j = 160 - -267. What is the units digit of j?
7
Let h(j) be the first derivative of 2*j**3/3 + j**2 - 3*j + 13. What is the units digit of h(7)?
9
Let b be 8*44/(-24)*(-9 - 0). Suppose 3*h + b = 5*h. What is the tens digit of h?
6
Suppose 7 = 3*b - 2. Let n(k) = k**2 + k + 1. Let m(r) = -4*r**2 + 5*r + 4. Let t(l) = b*n(l) + m(l). What is the tens digit of t(6)?
1
Let y(u) = -u**3 - 3*u**2 - u - 3. Let q be y(-3). Suppose 10 = -q*p + 5*p. Suppose p*f = f + 4*z - 1, 2*f - 2*z - 4 = 0. What is the units digit of f?
3
Suppose -4*s = -s - 3*v - 21, -2*v + 6 = 3*s. Suppose 4*n = -5*a + 4, 0 = 2*n - 3*a + 8*a - 2. What is the units digit of (s/(-6))/(n/(-9))?
6
Suppose 0 = -34*s + 41*s - 3563. What is the units digit of s?
9
Let l = -1396 + 1819. What is the hundreds digit of l?
4
Suppose 2*f = 358 + 8. Let n be (-2)/(-7) + f/21. Let m(q) = q**3 - 10*q**2 + 10*q - 3. What is the units digit of m(n)?
6
Suppose -p + 3 - 1 = 0. Let y(r) = 4*r**2 + 2*r + 5 - 5 - 5*r**p. What is the units digit of y(1)?
1
Suppose 5*h - 5 = 0, 4*h + h = 3*o + 74. Let a = 111 - o. What is the units digit of a?
4
Suppose -233*n + 13908 = -221*n. What is the thousands digit of n?
1
Let v = 30 - 25. Suppose 0 = -3*u - 0*u + 2*g + v, 2*u + 4*g = -18. What is the units digit of 3 + u + (-13 - -31)?
0
Let s = -108 + 2258. What is the thousands digit of s?
2
What is the units digit of (0 + 2/3)/(48/144)?
2
Suppose -3880 = -5*y - 3*m + 8*m, -4*y + 3110 = -2*m. What is the units digit of y?
9
Let v be (-81)/(-18)*2/3. Suppose 0 = -v*b + 5 - 2. What is the tens digit of (69 - (-8)/(-4))/b?
6
Suppose -21*c - 4652 = -13283. What is the units digit of c?
1
Suppose -v + 4*v = 0. Suppose -14*c + 13*c + 41 = v. Let i = -16 + c. What is the tens digit of i?
2
Let o(w) = -w**3 + 9*w**2 - 4. Let z be o(8). Suppose 3*v = 6 - 0. Suppose 0*c = -v*c + z. What is the tens digit of c?
3
Let s be (-3)/5 + 558/30. Suppose a + s = -31. Let w = a + 82. What is the units digit of w?
3
What is the thousands digit of 1*-4 - (-62 + -1520)?
1
Suppose 4*o = -4*g + 16, 0*g + g + 6 = o. Suppose -a = o*u - 6, 3*a + 5*u - 24 = -a. What is the units digit of a?
6
Suppose -181 = i - a, 5*a - 21 + 6 = 0. Let g = i - -327. What is the tens digit of g?
4
Suppose 0 = 3*j - j - 100. Let q = 11 + -7. Suppose -a = q*g + 5, -a + 4*g + j = a. What is the tens digit of a?
1
Let c(y) = 2*y + 1. Let r(o) = 5*o + 3. Let w(b) = 7*c(b) - 3*r(b). Let t be w(-5). Suppose 35 + 28 = t*p. What is the tens digit of p?
2
Suppose 14*v - 12033 = 5*v. What is the hundreds digit of v?
3
Suppose 7*x = -7*x + 7196. What is the hundreds digit of x?
5
Let i = 7 - 12. Suppose -4*g + 36 = 5*z, 2*g = -0*g - 3*z + 16. Let n = g + i. What is the units digit of n?
9
Suppose -2*a + 3*h = -843, -2*a + 4*a - 4*h - 848 = 0. What is the hundreds digit of a?
4
Suppose j + 852 = 5*j + 2*a, 0 = 2*j - a - 434. Suppose 5*q - j = 4*z + 418, -5*q + 3*z + 636 = 0. Suppose -9 = 4*p - q. What is the tens digit of p?
3
Let v(f) = -f**3 - 19*f**2 + 25*f + 25. What is the tens digit of v(-21)?
8
Let b be 46/10 + ((-32)/20)/(-4). What is the tens digit of (-6)/(-15) - b/(50/(-996))?
0
Suppose 7*d - 5 = 422. Suppose -x = -46 - d. What is the tens digit of x?
0
Let i = -308 + 455. What is the hundreds digit of i?
1
Let t(p) = -2*p**3 - 5*p**2 - 12*p - 7. What is the units digit of t(-9)?
4
Let f(n) = n**2 + 3*n - 6. Let i be f(-5). Suppose -4 = -39*x + 37*x. Suppose v - x*j = 21, i*j - 15 = -4*v + 81. What is the units digit of v?
3
Let b = 8 - -492. What is the tens digit of b?
0
Let n(o) = -o**2 - 9*o - 17. Let p be n(-5). Suppose -p*g + 42 = 4*j, 5*j + 17 = 3*g - 52. What is the tens digit of g?
1
Suppose 48 = l - s, 2*s + 182 = 4*l - 0*s. Suppose 3*v = -l + 4. What is the units digit of v/(-3) + (-3)/9?
4
Suppose 0 = -o - 3*o. Suppose 0 = 4*r - o + 40. Let g = 22 + r. What is the tens digit of g?
1
Let u(j) = j**3 + 27*j**2 - 3. Let p be u(-27). Let a(q) = 3 - q - q**2 - q**3 - q**3 + 0. What is the tens digit of a(p)?
5
Let p be 3*(1382/6)/1. Suppose -6*j + p = -167. What is the units digit of j?
3
Let k(a) = a**2 + 12*a - 5. Let d be k(-12). Let w(l) = 7 - l**3 + 3*l**2 - l**2 - 3*l**2 + 4*l - 2*l**2. What is the tens digit of w(d)?
3
Let g be (-126)/(-10) + (42/(-15))/(-7). Suppose 913 = g*s - 2*s. What is the tens digit of s?
8
Let s be 0 + (-1)/((-4)/4). Let n be (-4)/2 + 1 + s. Suppose n = 3*b - 3 - 0. What is the units digit of b?
1
Let b be 2*(2 + -4) - -4. Suppose -12 = -s - 4*z - b*z, 4*s - 9 = -3*z. Suppose s = 5*r + 4*j - 132, -2*r + 2*j = -3*r + 24. What is the units digit of r?
8
Let z = -444 + 764. What is the tens digit of z?
2
Suppose -u - 5*t = -285 - 1175, -3*u = 4*t - 4424. What is the hundreds digit of u?
4
Let i = -67 - -67. Suppose 4*a = -i*m + 4*m + 696, 0 = 4*a - 3*m - 698. What is the hundreds digit of a?
1
Let v = 2382 + -922. What is the tens digit of v?
6
Let j(s) = -12*s - 6. Let w(o) = 1. Let y(h) = j(h) - 15*w(h). Let p be y(-7). What is the tens digit of (-289)/(-9) + (-7)/p?
3
Let v(q) be the second derivative of -3*q**5/20 - q**2 + 24*q. Suppose n = -5*g + 3, -2*n = g + 2 + 1. What is the units digit of v(n)?
2
Suppose -29 = 5*v - n, -2*n = -5*v + 3*n - 45. What is the units digit of ((-4)/(-2))/(v/(-355))?
2
What is the hundreds digit of 88/(-11) + 16 - -666?
6
Suppose -2*f = -3*b - 4635, -2*f + 1875 = -2*b - 2761. What is the hundreds digit of f?
3
Let d = -5 - -4. What is the units digit of 5 - (-4)/(d + -3)?
4
Let h(a) = -a**2 - 10*a + 12. Let d(u) = -u**3 - 6*u**2 - 2*u + 5. Let i be d(-5). What is the tens digit of h(i)?
1
Let c(k) = -14*k**2 + 8*k - 2. Let s be c(2). Let j = s + 71. What is the tens digit of j?
2
Suppose 5*j - 3*y - 2980 = 0, 0 = j + 3*y - 5*y - 603. Let o = -385 + j. What is the tens digit of o?
0
Let w(h) = h**3 - 2*h**2 - 2*h. Let m be w(3). Suppose 3*f = 3*v - 21, m*v + 3*f + 13 = 2*v. Suppose 26 = v*d - d. What is the tens digit of d?
2
Suppose -f = -5*f + 120. Suppose 5*d + 5*u = f, 5 + 5 = d + 3*u. Suppose 2*o + 20 = 4*s - 3*s, 84 = 4*s - d*o. What is the tens digit of s?
2
Let x(n) = n**3 + 12*n**2 + 14*n + 15. Suppose z + 35 = -4*z. What is the hundreds digit of x(z)?
1
Let c(f) = 18*f + 70. Suppose 13*s - 170 = -14. What is the tens digit of c(s)?
8
Let o(a) = -19*a + 1. Let x be o(-2). Let m(g) = -22*g + 18. Let u be m(2). Let r = u + x. What is the units digit of r?
3
Let z(b) = -b + b**3 + 7*b**3 + 4 - 4*b**2 + 3*b**2 - 7*b**3. Let v be z(0). Let s = v - -17. What is the units digit of s?
1
Let c = -40 - -44. Let y(i) = i**3 + 2*i**2 - 6*i - 2. What is the tens digit of y(c)?
7
Let r = 60 - 57. Suppose -4 = -d - r*t, d + 16 = 5*d - t. What is the units digit of d?
4
Let k = -9 - -21. Suppose y = 3*r + 10, 6 = 2*r - r + 2*y. What is the units digit of (78/k)/(r/(-4))?
3
Suppose t + 3*t = -5*a + 21, -5*a - 5*t = -20. Let j = 3 + 3. Let c = j - a. What is the units digit of c?
1
Suppose 19*k = 21*k. Suppose -j = -3*c + 5*c - 17, k = 2*j - 10. Suppose n - 86 = -2*l + c*n, -3*l - n = -95. What is the units digit of l?
3
Let o(k) = k**2 - 13*k + 50. What is the units digit of o(-24)?
8
Suppose 0 = 12*y - 13*y + 4*n + 408, -5*n + 855 = 2*y. What is the hundreds digit of y?
4
Let f(c) = -c. Let v be f(-8). Suppo